et q(s) = s**2 - 43*s + 1093. Let j be q(31). What is the greatest common factor of j and 2369?
103
Let v = 344 - 332. Let k be ((-13)/v)/((-4)/16)*54. What is the highest common divisor of k and 52?
26
Let s(v) = -3*v**3 - 6*v**2 + 13*v - 7. Let b be s(4). Let y = b + 259. What is the greatest common divisor of y and 400?
16
Let o = -187 - -192. Suppose 2*g + 5*a = 5*g - 893, 2*g + o*a = 637. What is the highest common divisor of 18 and g?
18
Let z = 20262 - 20007. Calculate the highest common divisor of 240 and z.
15
Let w = 238 - 90. What is the greatest common divisor of w and 518?
74
Suppose -29 = -5*p + 21. Let w(z) = -z**3 - 3*z**2 - z + 90. Let k = -574 + 574. Let r be w(k). Calculate the highest common divisor of p and r.
10
Let j = 12508 + -12404. Let q(v) = -v**2 + 19*v - 10. Let f be q(8). Calculate the greatest common factor of j and f.
26
Let o = -51 + 63. Let v(a) = 8*a - 41. Let x be v(o). What is the highest common divisor of 88 and x?
11
Suppose 30*h - 33*h = 0. Suppose -3*q + 79 = v, h*q + 229 = 3*v + q. Let w = v + -36. What is the greatest common divisor of 10 and w?
10
Suppose -669 = 2*l + 4*r + 127, -2*l - 3*r = 791. Let j be l/(-13) + (-14)/(-91). Calculate the greatest common divisor of 105 and j.
15
Suppose -4*z = -5*m + 751, -14*z = 10*m - 18*z - 1486. What is the greatest common factor of m and 931?
49
Suppose -2*m + 6 = 0, -3*m + 2855 - 556 = -5*n. Let v = 477 + n. Let l = 18 + 1. Calculate the greatest common divisor of l and v.
19
Suppose 4*a - 120 = 2*a. Let n = 2015 - 1799. Calculate the highest common factor of n and a.
12
Let t be (-7545)/(-8 - 19/(-3)). What is the highest common divisor of t and 9?
9
Suppose 3*d + 5*h = 0, d = h - 36 + 52. What is the greatest common divisor of 230 and d?
10
Let v be -6 - 8358/(-2)*20*9/540. What is the highest common factor of v and 73?
73
Let u = 2837 - 1672. What is the greatest common factor of 5 and u?
5
Let f = 43 + -41. Let m(u) = 5*u. Let s be m(f). Let q(h) = -h**3 + 9*h**2 + 13*h + 12. Let l be q(s). What is the greatest common divisor of l and 28?
14
Let b = -339 + 2078. What is the greatest common divisor of 74 and b?
37
Let f(x) = x**3 + 10*x**2 - 14*x - 10. Let r be f(-10). Let g be r/10 + (1 - -1). Suppose 12*m + g = 17*m. Calculate the greatest common factor of m and 24.
3
Let r(c) = c**3 + 13*c**2 - 3*c - 148. Let d be r(-12). Let j = 27 - -133. What is the highest common divisor of j and d?
32
Let p be -8 - (-35)/7 - 478*-1. Calculate the highest common divisor of 25 and p.
25
Suppose -107 - 73 = -5*k. Let y(x) = 52*x - 55. Let b be y(15). Let v = 1049 - b. Calculate the greatest common divisor of v and k.
36
Let i = -64 - -79. Suppose -i - 5 = -4*o. Suppose -o*h = -121 + 21. What is the highest common divisor of h and 60?
20
Let p = -24 + 37. Suppose 195*c + 239 - 1850 - 924 = 0. Calculate the greatest common divisor of p and c.
13
Let r = -61 + 45. Let q be 6 + (-4 - r)/3. Suppose -q + 38 = 2*y. What is the greatest common divisor of y and 182?
14
Suppose -2*t = x - 90, -3*t = -x + 55 + 25. Suppose 49*w - 47*w - x = 0. Let y = w - 34. What is the greatest common factor of 3 and y?
3
Let h = 5327 - 4510. What is the greatest common factor of h and 19?
19
Let f be (0 + -4 + -7)/(-1). Suppose 2*r - 31 = f. Let w = 137 + -95. What is the highest common factor of w and r?
21
Let j(q) = -217*q - 72. Let z be j(-1). Suppose -b + 3*g + 15 = g, 0 = b - 3*g - 20. Calculate the greatest common divisor of z and b.
5
Let c(l) = -108*l**3 + 7*l**2 + 9*l + 8. Let r be c(-2). Calculate the highest common divisor of 27 and r.
9
Let o = 2277 + -2272. Let r be 2*1*(-89)/(-2). Suppose o*p = 31 + r. What is the highest common divisor of 48 and p?
24
Let p(c) = 2*c - 41. Let h be p(21). Suppose -g = h - 37. Calculate the greatest common divisor of 48 and g.
12
Let p be 0/((-1)/(-2) + (-15)/6). Suppose 0 = -2*i + 4*v - 6 + 28, p = -i + 3*v + 11. Suppose 3*k + 96 = i*k. Calculate the highest common divisor of k and 48.
12
Suppose 58 + 121 - 11 = 2*l. What is the greatest common factor of 1284 and l?
12
Let x be (-36)/(-48) - (58/(-8) + -1). Suppose -387 = -15*k + 2178. Calculate the highest common factor of k and x.
9
Suppose 8 = 3*o - 1. Suppose -o*k + 18 = 2*h, 3*h + 2*k - 4*k = 40. Calculate the greatest common factor of h and 16.
4
Suppose 0 = -2*j - 2*k - 2*k + 50, -4*k = 4. Let q(m) = 22*m + 25. Let o be q(-1). What is the greatest common factor of o and j?
3
Suppose 0 = n, 0*n + 140 = d + n. Suppose -17*i = -299 - 41. What is the greatest common factor of d and i?
20
Suppose 462859 = 71*k - 492446. What is the greatest common factor of k and 130?
65
Suppose -36062 - 2956 = -14*y. Calculate the greatest common factor of y and 3.
3
Let k(q) = -116*q - 123. Let n be k(4). Let s = 662 + n. Calculate the greatest common factor of s and 60.
15
Let i(p) = p**2 - 14*p + 18. Let r be i(14). Let w = 43 + -29. Suppose t = -12 + w. What is the highest common divisor of r and t?
2
Let j = 53 + -46. Suppose 100 = -j*b + 2*b. Let q be (24/b)/(27/(-120))*6. What is the highest common divisor of q and 16?
16
Let i(p) = -2*p**2 + 75*p - 223. Let f be i(34). Calculate the highest common divisor of f and 849.
3
Let f = 43 + -41. Let s be f*((-3)/24 + 157/8). What is the highest common divisor of 3 and s?
3
Let y(v) = 6 + 3 + 2*v**2 - 14070*v**3 - 7*v**2 + 14069*v**3 - 5*v - 5. Let h be y(-5). Calculate the highest common divisor of h and 377.
29
Suppose 5*c + z = -0*z - 325, -5*z + 167 = -3*c. Suppose 0 = -12*f + 1519 - 2263. Let t = f - c. Calculate the greatest common factor of 34 and t.
2
Let f = 104 - 140. Let h be (-31 - f) + (0 - -3). Let y = 70 + -6. What is the greatest common factor of h and y?
8
Let c = 490 - 486. Suppose 13 = r + 5*q, -c*r + 5*q + 75 = -52. Let p be (111 - -1)/(1/2). Calculate the greatest common factor of r and p.
28
Let b be 7/56 + 8/(128/30). What is the highest common divisor of b and 2?
2
Let j(k) = -2*k + 16. Let q be j(7). Let s(m) = 40*m**2 - 4*m. Let a be s(q). Let c = -26 + 45. Calculate the greatest common factor of a and c.
19
Suppose 7*t - 14*t = -357. Let o = t - 51. Suppose a + 3*b - 9 - 6 = o, -5*b - 5 = 0. Calculate the greatest common divisor of a and 9.
9
Suppose 0 = -4*f + 5*r + 154, -4*f - 56 = 5*r - 190. Suppose 39 = 5*q - f. What is the greatest common divisor of 225 and q?
15
Suppose -382 = 11*r - 13*r. Suppose 19 = -2*t + r. Let x(n) = 33*n**2 - 2*n + 1. Let k be x(2). What is the greatest common factor of k and t?
43
Suppose -4*c = -4*h + 24 + 44, 0 = 2*c + 10. Let t = 50996 - 50992. Calculate the greatest common factor of h and t.
4
Let p be 28/(-8)*(-182190)/105 + -7 + 0. Calculate the greatest common divisor of p and 108.
18
Suppose 2*t - 3*b - 46 = -5*b, b = 2*t - 46. Suppose 305 = -20*v + 3905. Let k be v/8 + (-3)/(-7 - -1). What is the highest common factor of t and k?
23
Let k(z) = -z - 1. Let x be k(-3). Suppose -6 = -4*b + x. Suppose -2*s + 496 = b*s. What is the highest common factor of s and 31?
31
Let l = 56239 - 56131. Suppose -24 - 48 = -3*g. What is the highest common factor of g and l?
12
Suppose 850*j + 13260 = 910*j. Calculate the greatest common divisor of 85 and j.
17
Suppose -120 = 2*h - 460. Let c(x) be the first derivative of x**3/3 + 2*x**2 - 11*x - 447. Let m be c(3). Calculate the highest common factor of m and h.
10
Let m = -2616 + 2688. Calculate the greatest common factor of 7614 and m.
18
Let g = -550 - -1044. Suppose -3*r - 365 = 3*x - 473, 5*r - 4*x = 198. What is the highest common factor of r and g?
38
Let j be ((-1848)/15)/(6 + 128/(-20)). Let v = -60 - -88. Calculate the greatest common factor of v and j.
28
Let u be (-2 - -89)/((-582)/(-16684)). What is the greatest common factor of 258 and u?
86
Suppose 138*w + 6061 = 167*w. Calculate the highest common factor of 304 and w.
19
Let a(f) = 3*f - 4. Let m be a(8). Let w(u) = -u**3 - 3*u**2 + 9*u. Let r be w(-5). Suppose -b - r = -13. What is the highest common factor of b and m?
4
Suppose 370*y - 372*y + 48 = -5*q, -4*y - 5*q + 66 = 0. Calculate the highest common divisor of y and 133.
19
Suppose -2*f - 135 = -4*f + 3*o, -o = 3. Suppose f = 6*d + d. Suppose -4*j = -d*j + 120. Calculate the highest common factor of 32 and j.
8
Let s(i) = 23*i**2 - 2